{"id":9,"date":"2021-02-21T14:59:57","date_gmt":"2021-02-21T17:59:57","guid":{"rendered":"https:\/\/expert-seg.com\/site\/?page_id=9"},"modified":"2021-02-27T15:20:18","modified_gmt":"2021-02-27T18:20:18","slug":"sobre","status":"publish","type":"page","link":"https:\/\/expert-seg.com\/site\/sobre\/","title":{"rendered":"Sobre"},"content":{"rendered":"\t\t<div data-elementor-type=\"wp-page\" data-elementor-id=\"9\" class=\"elementor elementor-9\" data-elementor-settings=\"[]\">\n\t\t\t\t\t\t\t<div class=\"elementor-section-wrap\">\n\t\t\t\t\t\t\t<section class=\"elementor-section elementor-top-section elementor-element elementor-element-6b4b6d6f elementor-section-boxed elementor-section-height-default elementor-section-height-default\" data-id=\"6b4b6d6f\" data-element_type=\"section\" data-settings=\"{&quot;background_background&quot;:&quot;classic&quot;,&quot;shape_divider_bottom&quot;:&quot;curve&quot;,&quot;shape_divider_bottom_negative&quot;:&quot;yes&quot;}\">\n\t\t\t\t\t\t\t<div class=\"elementor-background-overlay\"><\/div>\n\t\t\t\t\t\t<div class=\"elementor-shape elementor-shape-bottom\" data-negative=\"true\">\n\t\t\t<svg xmlns=\"http:\/\/www.w3.org\/2000\/svg\" viewBox=\"0 0 1000 100\" preserveAspectRatio=\"none\">\n\t<path class=\"elementor-shape-fill\" d=\"M500,97C126.7,96.3,0.8,19.8,0,0v100l1000,0V1C1000,19.4,873.3,97.8,500,97z\"\/>\n<\/svg>\t\t<\/div>\n\t\t\t\t\t<div class=\"elementor-container elementor-column-gap-default\">\n\t\t\t\t\t<div class=\"elementor-column elementor-col-100 elementor-top-column elementor-element elementor-element-2538f6cf\" data-id=\"2538f6cf\" data-element_type=\"column\">\n\t\t\t<div class=\"elementor-widget-wrap elementor-element-populated\">\n\t\t\t\t\t\t\t\t<div class=\"elementor-element elementor-element-be46e47 elementor-widget elementor-widget-heading\" data-id=\"be46e47\" data-element_type=\"widget\" data-widget_type=\"heading.default\">\n\t\t\t\t<div class=\"elementor-widget-container\">\n\t\t\t<h2 class=\"elementor-heading-title elementor-size-default\">Sobre N\u00f3s<\/h2>\t\t<\/div>\n\t\t\t\t<\/div>\n\t\t\t\t<div class=\"elementor-element elementor-element-13627fa elementor-widget-divider--view-line elementor-widget elementor-widget-divider\" data-id=\"13627fa\" data-element_type=\"widget\" data-widget_type=\"divider.default\">\n\t\t\t\t<div class=\"elementor-widget-container\">\n\t\t\t\t\t<div class=\"elementor-divider\">\n\t\t\t<span class=\"elementor-divider-separator\">\n\t\t\t\t\t\t<\/span>\n\t\t<\/div>\n\t\t\t\t<\/div>\n\t\t\t\t<\/div>\n\t\t\t\t<div class=\"elementor-element elementor-element-5e30fdaf elementor-widget elementor-widget-text-editor\" data-id=\"5e30fdaf\" data-element_type=\"widget\" data-widget_type=\"text-editor.default\">\n\t\t\t\t<div class=\"elementor-widget-container\">\n\t\t\t\t\t<div class=\"elementor-text-editor elementor-clearfix\"><p>Somos uma corretora de seguros com habilita\u00e7\u00e3o na SUSEP para vendas de seguros e servi\u00e7os financeiros desde 2012. Entregamos solu\u00e7\u00f5es completas e customizadas de seguros em todos os ramos. Prezamos por atendimentos diferenciados, atuando estrategicamente com nossos clientes, trazendo agilidade nas negocia\u00e7\u00f5es<\/p><\/div>\n\t\t\t\t<\/div>\n\t\t\t\t<\/div>\n\t\t\t\t\t<\/div>\n\t\t<\/div>\n\t\t\t\t\t\t\t<\/div>\n\t\t<\/section>\n\t\t\t\t<section class=\"elementor-section elementor-top-section elementor-element elementor-element-a926311 elementor-section-boxed elementor-section-height-default elementor-section-height-default\" data-id=\"a926311\" data-element_type=\"section\">\n\t\t\t\t\t\t<div class=\"elementor-container elementor-column-gap-wide\">\n\t\t\t\t\t<div class=\"elementor-column elementor-col-33 elementor-top-column elementor-element elementor-element-6b3c769b\" data-id=\"6b3c769b\" data-element_type=\"column\">\n\t\t\t<div class=\"elementor-widget-wrap elementor-element-populated\">\n\t\t\t\t\t\t\t\t<div class=\"elementor-element elementor-element-706559f0 elementor-view-default elementor-position-top elementor-vertical-align-top elementor-widget elementor-widget-icon-box\" data-id=\"706559f0\" data-element_type=\"widget\" data-widget_type=\"icon-box.default\">\n\t\t\t\t<div class=\"elementor-widget-container\">\n\t\t\t\t\t<div class=\"elementor-icon-box-wrapper\">\n\t\t\t\t\t\t<div class=\"elementor-icon-box-icon\">\n\t\t\t\t<span class=\"elementor-icon elementor-animation-\" >\n\t\t\t\t<i aria-hidden=\"true\" class=\"far fa-handshake\"><\/i>\t\t\t\t<\/span>\n\t\t\t<\/div>\n\t\t\t\t\t\t<div class=\"elementor-icon-box-content\">\n\t\t\t\t<h3 class=\"elementor-icon-box-title\">\n\t\t\t\t\t<span >Miss\u00e3o<\/span>\n\t\t\t\t<\/h3>\n\t\t\t\t\t\t\t\t<p class=\"elementor-icon-box-description\">Encontrar as melhores condi\u00e7\u00f5es de seguros e servi\u00e7os financeiros para nossos clientes<\/p>\n\t\t\t\t\t\t\t<\/div>\n\t\t<\/div>\n\t\t\t\t<\/div>\n\t\t\t\t<\/div>\n\t\t\t\t\t<\/div>\n\t\t<\/div>\n\t\t\t\t<div class=\"elementor-column elementor-col-33 elementor-top-column elementor-element elementor-element-fc0baca\" data-id=\"fc0baca\" data-element_type=\"column\">\n\t\t\t<div class=\"elementor-widget-wrap elementor-element-populated\">\n\t\t\t\t\t\t\t\t<div class=\"elementor-element elementor-element-4f464f26 elementor-view-default elementor-position-top elementor-vertical-align-top elementor-widget elementor-widget-icon-box\" data-id=\"4f464f26\" data-element_type=\"widget\" data-widget_type=\"icon-box.default\">\n\t\t\t\t<div class=\"elementor-widget-container\">\n\t\t\t\t\t<div class=\"elementor-icon-box-wrapper\">\n\t\t\t\t\t\t<div class=\"elementor-icon-box-icon\">\n\t\t\t\t<span class=\"elementor-icon elementor-animation-\" >\n\t\t\t\t<i aria-hidden=\"true\" class=\"far fa-eye\"><\/i>\t\t\t\t<\/span>\n\t\t\t<\/div>\n\t\t\t\t\t\t<div class=\"elementor-icon-box-content\">\n\t\t\t\t<h3 class=\"elementor-icon-box-title\">\n\t\t\t\t\t<span >Vis\u00e3o<\/span>\n\t\t\t\t<\/h3>\n\t\t\t\t\t\t\t\t<p class=\"elementor-icon-box-description\">Ser a melhor prestadora de servi\u00e7os desenvolvendo neg\u00f3cios, protegendo e aumentando patrim\u00f4nios de nossos clientes<\/p>\n\t\t\t\t\t\t\t<\/div>\n\t\t<\/div>\n\t\t\t\t<\/div>\n\t\t\t\t<\/div>\n\t\t\t\t\t<\/div>\n\t\t<\/div>\n\t\t\t\t<div class=\"elementor-column elementor-col-33 elementor-top-column elementor-element elementor-element-1f8c5fc9\" data-id=\"1f8c5fc9\" data-element_type=\"column\">\n\t\t\t<div class=\"elementor-widget-wrap elementor-element-populated\">\n\t\t\t\t\t\t\t\t<div class=\"elementor-element elementor-element-1dc261be elementor-view-default elementor-position-top elementor-vertical-align-top elementor-widget elementor-widget-icon-box\" data-id=\"1dc261be\" data-element_type=\"widget\" data-widget_type=\"icon-box.default\">\n\t\t\t\t<div class=\"elementor-widget-container\">\n\t\t\t\t\t<div class=\"elementor-icon-box-wrapper\">\n\t\t\t\t\t\t<div class=\"elementor-icon-box-icon\">\n\t\t\t\t<span class=\"elementor-icon elementor-animation-\" >\n\t\t\t\t<i aria-hidden=\"true\" class=\"far fa-check-circle\"><\/i>\t\t\t\t<\/span>\n\t\t\t<\/div>\n\t\t\t\t\t\t<div class=\"elementor-icon-box-content\">\n\t\t\t\t<h3 class=\"elementor-icon-box-title\">\n\t\t\t\t\t<span >Valores<\/span>\n\t\t\t\t<\/h3>\n\t\t\t\t\t\t\t\t<p class=\"elementor-icon-box-description\">Meritocracia, Foco no cliente, Vis\u00e3o de longo prazo, \u00c9tica e Transpar\u00eancia<\/p>\n\t\t\t\t\t\t\t<\/div>\n\t\t<\/div>\n\t\t\t\t<\/div>\n\t\t\t\t<\/div>\n\t\t\t\t\t<\/div>\n\t\t<\/div>\n\t\t\t\t\t\t\t<\/div>\n\t\t<\/section>\n\t\t\t\t<section class=\"elementor-section elementor-top-section elementor-element elementor-element-5cbd5c3 elementor-section-boxed elementor-section-height-default elementor-section-height-default\" data-id=\"5cbd5c3\" data-element_type=\"section\" data-settings=\"{&quot;background_background&quot;:&quot;classic&quot;}\">\n\t\t\t\t\t\t<div class=\"elementor-container elementor-column-gap-wide\">\n\t\t\t\t\t<div class=\"elementor-column elementor-col-100 elementor-top-column elementor-element elementor-element-49c51367\" data-id=\"49c51367\" data-element_type=\"column\">\n\t\t\t<div class=\"elementor-widget-wrap elementor-element-populated\">\n\t\t\t\t\t\t\t\t<div class=\"elementor-element elementor-element-54d46c72 elementor-widget elementor-widget-heading\" data-id=\"54d46c72\" data-element_type=\"widget\" data-widget_type=\"heading.default\">\n\t\t\t\t<div class=\"elementor-widget-container\">\n\t\t\t<h3 class=\"elementor-heading-title elementor-size-default\">Nossa Hist\u00f3ria<\/h3>\t\t<\/div>\n\t\t\t\t<\/div>\n\t\t\t\t<section class=\"elementor-section elementor-inner-section elementor-element elementor-element-4d69ba07 elementor-section-boxed elementor-section-height-default elementor-section-height-default\" data-id=\"4d69ba07\" data-element_type=\"section\">\n\t\t\t\t\t\t<div class=\"elementor-container elementor-column-gap-default\">\n\t\t\t\t\t<div class=\"elementor-column elementor-col-50 elementor-inner-column elementor-element elementor-element-1bc37e11\" data-id=\"1bc37e11\" data-element_type=\"column\">\n\t\t\t<div class=\"elementor-widget-wrap elementor-element-populated\">\n\t\t\t\t\t\t\t\t<div class=\"elementor-element elementor-element-290573a6 elementor-widget elementor-widget-text-editor\" data-id=\"290573a6\" data-element_type=\"widget\" data-widget_type=\"text-editor.default\">\n\t\t\t\t<div class=\"elementor-widget-container\">\n\t\t\t\t\t<div class=\"elementor-text-editor elementor-clearfix\"><p>Nascemos dentro de uma empresa de log\u00edstica de cargas com atua\u00e7\u00e3o nacional e internacional, buscando as melhores alternativas de seguros para os modais rodovi\u00e1rio, ferrovi\u00e1rio, a\u00e9reo, mar\u00edtimo e lacustre. Com o tempo fomos expandindo a atua\u00e7\u00e3o para outros ramos de seguros e aumentamos a quantidade de seguradoras parceiras para melhorar a presta\u00e7\u00e3o de servi\u00e7o para nossos clientes. Nos especializamos tamb\u00e9m em seguros para o ramo imobili\u00e1rio, pois entendemos que podemos auxiliar o setor com an\u00e1lises mercadol\u00f3gicas e estrat\u00e9gicas. Aprofundamos conhecimentos no mercado agr\u00edcola por entender a import\u00e2ncia do setor para a economia Brasileira. Consolidamos nosso entendimento que o mercado de seguros \u00e9 importante para qualquer setor da economia. No Brasil, especificamente, ainda existe baixa prote\u00e7\u00e3o ao patrim\u00f4nio comparado com outros pa\u00edses de atividade econ\u00f4mica similar.<\/p><\/div>\n\t\t\t\t<\/div>\n\t\t\t\t<\/div>\n\t\t\t\t\t<\/div>\n\t\t<\/div>\n\t\t\t\t<div class=\"elementor-column elementor-col-50 elementor-inner-column elementor-element elementor-element-62b05fe\" data-id=\"62b05fe\" data-element_type=\"column\">\n\t\t\t<div class=\"elementor-widget-wrap elementor-element-populated\">\n\t\t\t\t\t\t\t\t<div class=\"elementor-element elementor-element-29f20d1a elementor-widget elementor-widget-text-editor\" data-id=\"29f20d1a\" data-element_type=\"widget\" data-widget_type=\"text-editor.default\">\n\t\t\t\t<div class=\"elementor-widget-container\">\n\t\t\t\t\t<div class=\"elementor-text-editor elementor-clearfix\"><p>Nosso s\u00f3cio fundador possui vasta experi\u00eancia no mercado financeiro, macroeconomia, finan\u00e7as, seguros, log\u00edstica e lecionou disciplinas desses temas em cursos universit\u00e1rios.\u00a0 Nosso s\u00f3cio administrador possui experi\u00eancia nas \u00e1reas de estrat\u00e9gia comercial, marketing e opera\u00e7\u00f5es atuando em empresas multinacionais\u00a0<span style=\"font-weight: var( --e-global-typography-text-font-weight );\">e<\/span><span style=\"font-weight: var( --e-global-typography-text-font-weight );\">\u00a0<\/span><span style=\"font-weight: var( --e-global-typography-text-font-weight );\">nacionais <\/span><span style=\"font-weight: var( --e-global-typography-text-font-weight );\">de grande porte sempre com vis\u00e3o de automa\u00e7\u00e3o de processos e gest\u00e3o com qualidade.\u00a0<\/span><span style=\"font-weight: var( --e-global-typography-text-font-weight );\">Com isso formamos uma base s\u00f3lida de conhecimento capaz de auxiliar qualquer cliente em busca de prote\u00e7\u00e3o e crescimento de patrim\u00f4nio.<\/span><\/p><\/div>\n\t\t\t\t<\/div>\n\t\t\t\t<\/div>\n\t\t\t\t\t<\/div>\n\t\t<\/div>\n\t\t\t\t\t\t\t<\/div>\n\t\t<\/section>\n\t\t\t\t\t<\/div>\n\t\t<\/div>\n\t\t\t\t\t\t\t<\/div>\n\t\t<\/section>\n\t\t\t\t\t\t<\/div>\n\t\t\t\t\t<\/div>\n\t\t","protected":false},"excerpt":{"rendered":"<p>Sobre N\u00f3s Somos uma corretora de seguros com habilita\u00e7\u00e3o na SUSEP para vendas de seguros e servi\u00e7os financeiros desde 2012. Entregamos solu\u00e7\u00f5es completas e customizadas de seguros em todos os ramos. Prezamos por atendimentos diferenciados, atuando estrategicamente com nossos clientes, trazendo agilidade nas negocia\u00e7\u00f5es Miss\u00e3o Encontrar as melhores condi\u00e7\u00f5es de seguros e servi\u00e7os financeiros para [&hellip;]<\/p>\n","protected":false},"author":1,"featured_media":0,"parent":0,"menu_order":0,"comment_status":"closed","ping_status":"closed","template":"elementor_header_footer","meta":{"footnotes":""},"wf_page_folders":[16],"class_list":["post-9","page","type-page","status-publish","hentry"],"_links":{"self":[{"href":"https:\/\/expert-seg.com\/site\/wp-json\/wp\/v2\/pages\/9","targetHints":{"allow":["GET"]}}],"collection":[{"href":"https:\/\/expert-seg.com\/site\/wp-json\/wp\/v2\/pages"}],"about":[{"href":"https:\/\/expert-seg.com\/site\/wp-json\/wp\/v2\/types\/page"}],"author":[{"embeddable":true,"href":"https:\/\/expert-seg.com\/site\/wp-json\/wp\/v2\/users\/1"}],"replies":[{"embeddable":true,"href":"https:\/\/expert-seg.com\/site\/wp-json\/wp\/v2\/comments?post=9"}],"version-history":[{"count":40,"href":"https:\/\/expert-seg.com\/site\/wp-json\/wp\/v2\/pages\/9\/revisions"}],"predecessor-version":[{"id":974,"href":"https:\/\/expert-seg.com\/site\/wp-json\/wp\/v2\/pages\/9\/revisions\/974"}],"wp:attachment":[{"href":"https:\/\/expert-seg.com\/site\/wp-json\/wp\/v2\/media?parent=9"}],"wp:term":[{"taxonomy":"wf_page_folders","embeddable":true,"href":"https:\/\/expert-seg.com\/site\/wp-json\/wp\/v2\/wf_page_folders?post=9"}],"curies":[{"name":"wp","href":"https:\/\/api.w.org\/{rel}","templated":true}]}}